{"id":1169,"date":"2015-11-09T09:03:28","date_gmt":"2015-11-09T09:03:28","guid":{"rendered":"http:\/\/school.jakobreiter.de\/?page_id=71"},"modified":"2025-08-31T14:54:49","modified_gmt":"2025-08-31T12:54:49","slug":"praktikum","status":"publish","type":"page","link":"https:\/\/www.gymnasium-uslar.de\/?page_id=1169","title":{"rendered":"Praktikum"},"content":{"rendered":"\n<p class=\"has-text-align-left\">Das&nbsp;<strong>Betriebspraktikum<\/strong>, das an unserer Schule im Jahrgang 11 stattfindet,&nbsp;soll den Sch\u00fclerinnen und Sch\u00fclern einen Einblick in die Arbeitswelt und eine erste Orientierung f\u00fcr die sp\u00e4tere Berufswahl geben. Das Praktikum ist somit ein wichtiger&nbsp;Teil unseres Konzeptes zur Berufs- und Studienwahl. Das Praktikum dauert 3 Wochen und findet in der Regel in der letzten Novemberwoche und den beiden ersten Dezemberwochen statt.<\/p>\n\n\n\n<p>Als Praktikumsplatz kommt prinzipiell&nbsp;jede Firma oder Institution in Frage, bei der ein Praktikum f\u00fcr Sch\u00fclerinnen und Sch\u00fcler der 11. Klasse sinnvoll durchgef\u00fchrt werden kann. Da die Sch\u00fclerinnen und Sch\u00fcler w\u00e4hrend der Praktikumszeit von den jeweiligen Politiklehrern besucht werden, darf der Praktikumsort allerdings nicht zu weit von Uslar entfernt liegen. So kommen neben dem Uslarer Raum Betriebe im folgenden Bereich in Frage: G\u00f6ttingen \u2013 Northeim \u2013 Einbeck \u2013 Holzminden \u2013 H\u00f6xter&nbsp; \u2013 Lauenf\u00f6rde \u2013 Hann. M\u00fcnden.<\/p>\n\n\n<div class=\"wp-block-image\">\n<figure class=\"aligncenter\"><a href=\"http:\/\/www.gymnasium-uslar.de\/wp-content\/uploads\/2015\/12\/IMG_0501.jpg\"><img decoding=\"async\" src=\"http:\/\/www.gymnasium-uslar.de\/wp-content\/uploads\/2015\/12\/IMG_0501-1024x682.jpg\" alt=\"IMG_0501\" class=\"wp-image-937\"\/><\/a><\/figure>\n<\/div>\n\n\n<p><\/p>\n\n\n\n<p>Bei manchen Praktikumspl\u00e4tzen sind besondere Rahmenbedingungen gegeben (Gastronomie, Hotel), die besondere Anforderungen an die Sch\u00fclerinnen und Sch\u00fcler stellen. Bei anderen ist eine selbstst\u00e4ndige T\u00e4tigkeit der Sch\u00fclerinnen und Sch\u00fcler nur eingeschr\u00e4nkt m\u00f6glich. Dies sollte vorher bedacht werden. Die Politiklehrer&nbsp;besprechen&nbsp;fr\u00fchzeitig die Aspekte, die man bei der Wahl eines Praktikumsplatzes ber\u00fccksichtigen muss,&nbsp;mit&nbsp;ihren Klassen. Wie man sich sinnvoll auf einen Praktikumsplatz bewirbt, ist im Fach Deutsch in Klasse 9&nbsp;Thema des Unterrichts.<\/p>\n\n\n\n<p>Die Sch\u00fclerinnen und Sch\u00fcler sollten m\u00f6glichst selbst auf die Suche nach einem Praktikumsplatz gehen. Die Schule ist allerdings bei der Umsetzung von Praktikumsw\u00fcnschen behilflich und stellt eine Liste zur Verf\u00fcgung, auf der die Praktikumspl\u00e4tze der vergangenen Jahre verzeichnet sind.<\/p>\n\n\n\n<blockquote class=\"wp-block-quote is-layout-flow wp-block-quote-is-layout-flow\">\n<p><span style=\"color: #000080;\">\u00a0<em>Auskunft \u00fcber das Betriebspraktikum gibt Hr. Aramayo.<\/em><\/span><\/p>\n<\/blockquote>\n\n\n\n<p><strong>Das Praktikum 2025 findet im Zeitraum vom 17. November &#8211; 5. Dezember 2025  statt.<\/strong><\/p>\n\n\n\n<p><\/p>\n","protected":false},"excerpt":{"rendered":"<p>Das&nbsp;Betriebspraktikum, das an unserer Schule im Jahrgang 11 stattfindet,&nbsp;soll den Sch\u00fclerinnen und Sch\u00fclern einen Einblick in die Arbeitswelt und eine erste Orientierung f\u00fcr die sp\u00e4tere Berufswahl geben. Das Praktikum ist somit ein wichtiger&nbsp;Teil unseres Konzeptes zur Berufs- und Studienwahl. Das Praktikum dauert 3 Wochen und findet in der Regel in der letzten Novemberwoche und den [&hellip;]<\/p>\n","protected":false},"author":2,"featured_media":0,"parent":1166,"menu_order":4,"comment_status":"closed","ping_status":"closed","template":"","meta":{"footnotes":""},"class_list":["post-1169","page","type-page","status-publish","hentry"],"_links":{"self":[{"href":"https:\/\/www.gymnasium-uslar.de\/index.php?rest_route=\/wp\/v2\/pages\/1169","targetHints":{"allow":["GET"]}}],"collection":[{"href":"https:\/\/www.gymnasium-uslar.de\/index.php?rest_route=\/wp\/v2\/pages"}],"about":[{"href":"https:\/\/www.gymnasium-uslar.de\/index.php?rest_route=\/wp\/v2\/types\/page"}],"author":[{"embeddable":true,"href":"https:\/\/www.gymnasium-uslar.de\/index.php?rest_route=\/wp\/v2\/users\/2"}],"replies":[{"embeddable":true,"href":"https:\/\/www.gymnasium-uslar.de\/index.php?rest_route=%2Fwp%2Fv2%2Fcomments&post=1169"}],"version-history":[{"count":5,"href":"https:\/\/www.gymnasium-uslar.de\/index.php?rest_route=\/wp\/v2\/pages\/1169\/revisions"}],"predecessor-version":[{"id":5429,"href":"https:\/\/www.gymnasium-uslar.de\/index.php?rest_route=\/wp\/v2\/pages\/1169\/revisions\/5429"}],"up":[{"embeddable":true,"href":"https:\/\/www.gymnasium-uslar.de\/index.php?rest_route=\/wp\/v2\/pages\/1166"}],"wp:attachment":[{"href":"https:\/\/www.gymnasium-uslar.de\/index.php?rest_route=%2Fwp%2Fv2%2Fmedia&parent=1169"}],"curies":[{"name":"wp","href":"https:\/\/api.w.org\/{rel}","templated":true}]}}

<p class="has-text-align-left">Das&nbsp;<strong>Betriebspraktikum</strong>, das an unserer Schule im Jahrgang 11 stattfindet,&nbsp;soll den Schülerinnen und Schülern einen Einblick in die Arbeitswelt und eine erste Orientierung für die spätere Berufswahl geben. Das Praktikum ist somit ein wichtiger&nbsp;Teil unseres Konzeptes zur Berufs- und Studienwahl. Das Praktikum dauert 3 Wochen und findet in der Regel in der letzten Novemberwoche und den beiden ersten Dezemberwochen statt.</p>



<p>Als Praktikumsplatz kommt prinzipiell&nbsp;jede Firma oder Institution in Frage, bei der ein Praktikum für Schülerinnen und Schüler der 11. Klasse sinnvoll durchgeführt werden kann. Da die Schülerinnen und Schüler während der Praktikumszeit von den jeweiligen Politiklehrern besucht werden, darf der Praktikumsort allerdings nicht zu weit von Uslar entfernt liegen. So kommen neben dem Uslarer Raum Betriebe im folgenden Bereich in Frage: Göttingen – Northeim – Einbeck – Holzminden – Höxter&nbsp; – Lauenförde – Hann. Münden.</p>


<div class="wp-block-image">
<figure class="aligncenter"><a href="http://www.gymnasium-uslar.de/wp-content/uploads/2015/12/IMG_0501.jpg"><img decoding="async" src="http://www.gymnasium-uslar.de/wp-content/uploads/2015/12/IMG_0501-1024x682.jpg" alt="IMG_0501" class="wp-image-937"/></a></figure>
</div>


<p></p>



<p>Bei manchen Praktikumsplätzen sind besondere Rahmenbedingungen gegeben (Gastronomie, Hotel), die besondere Anforderungen an die Schülerinnen und Schüler stellen. Bei anderen ist eine selbstständige Tätigkeit der Schülerinnen und Schüler nur eingeschränkt möglich. Dies sollte vorher bedacht werden. Die Politiklehrer&nbsp;besprechen&nbsp;frühzeitig die Aspekte, die man bei der Wahl eines Praktikumsplatzes berücksichtigen muss,&nbsp;mit&nbsp;ihren Klassen. Wie man sich sinnvoll auf einen Praktikumsplatz bewirbt, ist im Fach Deutsch in Klasse 9&nbsp;Thema des Unterrichts.</p>



<p>Die Schülerinnen und Schüler sollten möglichst selbst auf die Suche nach einem Praktikumsplatz gehen. Die Schule ist allerdings bei der Umsetzung von Praktikumswünschen behilflich und stellt eine Liste zur Verfügung, auf der die Praktikumsplätze der vergangenen Jahre verzeichnet sind.</p>



<blockquote class="wp-block-quote is-layout-flow wp-block-quote-is-layout-flow">
<p><span style="color: #000080;"> <em>Auskunft über das Betriebspraktikum gibt Hr. Aramayo.</em></span></p>
</blockquote>



<p><strong>Das Praktikum 2025 findet im Zeitraum vom 17. November &#8211; 5. Dezember 2025  statt.</strong></p>



<p></p>

<p>Das&nbsp;Betriebspraktikum, das an unserer Schule im Jahrgang 11 stattfindet,&nbsp;soll den Schülerinnen und Schülern einen Einblick in die Arbeitswelt und eine erste Orientierung für die spätere Berufswahl geben. Das Praktikum ist somit ein wichtiger&nbsp;Teil unseres Konzeptes zur Berufs- und Studienwahl. Das Praktikum dauert 3 Wochen und findet in der Regel in der letzten Novemberwoche und den [&hellip;]</p>
