{"id":1182,"date":"2015-11-21T19:59:46","date_gmt":"2015-11-21T19:59:46","guid":{"rendered":"http:\/\/school.jakobreiter.de\/?page_id=350"},"modified":"2025-06-08T11:57:53","modified_gmt":"2025-06-08T09:57:53","slug":"lizeum-gliwice","status":"publish","type":"page","link":"https:\/\/www.gymnasium-uslar.de\/?page_id=1182","title":{"rendered":"Alb. Schweitzer Schule Gliwice"},"content":{"rendered":"\n<p>Die Partnerschaft mit der Albert Schweitzer Schule in Gliwice besteht seit fast 20 Jahren und ist durch regelm\u00e4\u00dfige gegenseitige Besuche gepr\u00e4gt. Im mehrheitlich katholischen Polen stellt die Schule insofern eine Ausnahme dar, als sie von der evangelischen Kirche getragen wird.<\/p>\n\n\n\n<p>Gliwice ist eine Gro\u00dfstadt im s\u00fcdwestlichen Polen , dem fr\u00fcheren Oberschlesien, und bietet den Besuchern aus Uslar viele historische und landeskundliche Einblicke. So steht fast immer ein Besuch des ehemaligen Konzentrationslagers Ausschwitz auf dem Programm.<\/p>\n\n\n\n<p>&nbsp;<\/p>\n\n\n<div class=\"wp-block-image\">\n<figure class=\"alignleft\"><a href=\"\/wp-content\/uploads\/2015\/11\/Polen1.png\"><img decoding=\"async\" src=\"\/wp-content\/uploads\/2015\/11\/Polen1-1024x768.png\" alt=\"Polen1\" class=\"wp-image-3223\"\/><\/a><\/figure>\n<\/div>\n\n\n<p><\/p>\n\n\n\n<p>&nbsp;<\/p>\n\n\n\n<blockquote class=\"wp-block-quote is-layout-flow wp-block-quote-is-layout-flow\">\n<p><span style=\"color: #000080;\">Auskunft zum Austausch mit der Albert Schweitzer Schule Gliwice geben Hr. Aramayo und Fr. Schnapperelle.<\/span><\/p>\n<\/blockquote>\n\n\n\n<p><\/p>\n","protected":false},"excerpt":{"rendered":"<p>Die Partnerschaft mit der Albert Schweitzer Schule in Gliwice besteht seit fast 20 Jahren und ist durch regelm\u00e4\u00dfige gegenseitige Besuche gepr\u00e4gt. Im mehrheitlich katholischen Polen stellt die Schule insofern eine Ausnahme dar, als sie von der evangelischen Kirche getragen wird. Gliwice ist eine Gro\u00dfstadt im s\u00fcdwestlichen Polen , dem fr\u00fcheren Oberschlesien, und bietet den Besuchern [&hellip;]<\/p>\n","protected":false},"author":2,"featured_media":0,"parent":79,"menu_order":3,"comment_status":"closed","ping_status":"closed","template":"","meta":{"footnotes":""},"class_list":["post-1182","page","type-page","status-publish","hentry"],"_links":{"self":[{"href":"https:\/\/www.gymnasium-uslar.de\/index.php?rest_route=\/wp\/v2\/pages\/1182","targetHints":{"allow":["GET"]}}],"collection":[{"href":"https:\/\/www.gymnasium-uslar.de\/index.php?rest_route=\/wp\/v2\/pages"}],"about":[{"href":"https:\/\/www.gymnasium-uslar.de\/index.php?rest_route=\/wp\/v2\/types\/page"}],"author":[{"embeddable":true,"href":"https:\/\/www.gymnasium-uslar.de\/index.php?rest_route=\/wp\/v2\/users\/2"}],"replies":[{"embeddable":true,"href":"https:\/\/www.gymnasium-uslar.de\/index.php?rest_route=%2Fwp%2Fv2%2Fcomments&post=1182"}],"version-history":[{"count":1,"href":"https:\/\/www.gymnasium-uslar.de\/index.php?rest_route=\/wp\/v2\/pages\/1182\/revisions"}],"predecessor-version":[{"id":5354,"href":"https:\/\/www.gymnasium-uslar.de\/index.php?rest_route=\/wp\/v2\/pages\/1182\/revisions\/5354"}],"up":[{"embeddable":true,"href":"https:\/\/www.gymnasium-uslar.de\/index.php?rest_route=\/wp\/v2\/pages\/79"}],"wp:attachment":[{"href":"https:\/\/www.gymnasium-uslar.de\/index.php?rest_route=%2Fwp%2Fv2%2Fmedia&parent=1182"}],"curies":[{"name":"wp","href":"https:\/\/api.w.org\/{rel}","templated":true}]}}