{"id":1185,"date":"2015-11-25T17:21:09","date_gmt":"2015-11-25T17:21:09","guid":{"rendered":"http:\/\/school.jakobreiter.de\/?page_id=468"},"modified":"2025-06-08T12:07:07","modified_gmt":"2025-06-08T10:07:07","slug":"theater","status":"publish","type":"page","link":"https:\/\/www.gymnasium-uslar.de\/?page_id=1185","title":{"rendered":"Theater"},"content":{"rendered":"\n<p>Darstellendes Spiel und Theater finden am Gymnasium Uslar gleich auf drei Ebenen statt: Im <strong>Ganztagsbereich<\/strong> f\u00fcr die Jahrg\u00e4nge 5-7, im <em><strong>Wahlpflichtbereich<\/strong> <\/em>f\u00fcr die Jahrg\u00e4nge 8 und 9 und in der <strong>Theater-AG <\/strong>f\u00fcr Sch\u00fclerinnen und Sch\u00fcler ab dem Jahrgang 10. Die Theater-AG hat an unserer Schule eine lange Tradition mit beeindruckenden Auff\u00fchrungen wie dem &#8222;Sommernachtstraum&#8220; sowie anderen bekannten und weniger bekannten St\u00fccken.<\/p>\n\n\n\n<h5 class=\"wp-block-heading\"><em><figure><img loading=\"lazy\" decoding=\"async\" class=\"alignnone size-medium wp-image-4960\" src=\"https:\/\/www.gymnasium-uslar.de\/wp-content\/uploads\/2023\/11\/theater1-300x200.jpeg\" alt=\"\" width=\"300\" height=\"200\" srcset=\"https:\/\/www.gymnasium-uslar.de\/wp-content\/uploads\/2023\/11\/theater1-300x200.jpeg 300w, https:\/\/www.gymnasium-uslar.de\/wp-content\/uploads\/2023\/11\/theater1-1024x683.jpeg 1024w, https:\/\/www.gymnasium-uslar.de\/wp-content\/uploads\/2023\/11\/theater1-768x512.jpeg 768w, https:\/\/www.gymnasium-uslar.de\/wp-content\/uploads\/2023\/11\/theater1-1536x1024.jpeg 1536w, https:\/\/www.gymnasium-uslar.de\/wp-content\/uploads\/2023\/11\/theater1-2048x1365.jpeg 2048w\" sizes=\"auto, (max-width: 300px) 100vw, 300px\" \/><\/figure>&nbsp; &nbsp;&nbsp;<figure><img loading=\"lazy\" decoding=\"async\" class=\"alignnone size-medium wp-image-4961\" src=\"https:\/\/www.gymnasium-uslar.de\/wp-content\/uploads\/2023\/11\/theater2-300x200.jpeg\" alt=\"\" width=\"300\" height=\"200\" srcset=\"https:\/\/www.gymnasium-uslar.de\/wp-content\/uploads\/2023\/11\/theater2-300x200.jpeg 300w, https:\/\/www.gymnasium-uslar.de\/wp-content\/uploads\/2023\/11\/theater2-1024x683.jpeg 1024w, https:\/\/www.gymnasium-uslar.de\/wp-content\/uploads\/2023\/11\/theater2-768x512.jpeg 768w, https:\/\/www.gymnasium-uslar.de\/wp-content\/uploads\/2023\/11\/theater2-1536x1024.jpeg 1536w, https:\/\/www.gymnasium-uslar.de\/wp-content\/uploads\/2023\/11\/theater2-2048x1365.jpeg 2048w\" sizes=\"auto, (max-width: 300px) 100vw, 300px\" \/><\/figure><\/em><\/h5>\n\n\n\n<h5 class=\"wp-block-heading\">Sturm &amp; Drang (2022)<\/h5>\n\n\n<div class=\"wp-block-image\">\n<figure class=\"alignleft\"><a href=\"\/wp-content\/uploads\/2015\/11\/Theater1.jpeg\"><img decoding=\"async\" src=\"\/wp-content\/uploads\/2015\/11\/Theater1-300x200.jpeg\" alt=\"Theater1\" class=\"wp-image-4557\"\/><\/a><\/figure>\n<\/div>\n\n<div class=\"wp-block-image\">\n<figure class=\"alignleft\"><a href=\"\/wp-content\/uploads\/2015\/11\/Theater.jpeg\"><img decoding=\"async\" src=\"\/wp-content\/uploads\/2015\/11\/Theater-300x200.jpeg\" alt=\"Theater\" class=\"wp-image-4556\"\/><\/a><\/figure>\n<\/div>\n\n\n<p><\/p>\n\n\n<div class=\"wp-block-image\">\n<figure class=\"alignleft\"><a href=\"\/wp-content\/uploads\/2015\/11\/theater2.jpeg\"><img decoding=\"async\" src=\"\/wp-content\/uploads\/2015\/11\/theater2-300x200.jpeg\" alt=\"theater2\" class=\"wp-image-4558\"\/><\/a><\/figure>\n<\/div>\n\n<div class=\"wp-block-image\">\n<figure class=\"alignleft\"><a href=\"\/wp-content\/uploads\/2015\/11\/theater3.jpeg\"><img decoding=\"async\" src=\"\/wp-content\/uploads\/2015\/11\/theater3-300x200.jpeg\" alt=\"theater3\" class=\"wp-image-4559\"\/><\/a><\/figure>\n<\/div>\n\n\n<p><\/p>\n","protected":false},"excerpt":{"rendered":"<p>Darstellendes Spiel und Theater finden am Gymnasium Uslar gleich auf drei Ebenen statt: Im Ganztagsbereich f\u00fcr die Jahrg\u00e4nge 5-7, im Wahlpflichtbereich f\u00fcr die Jahrg\u00e4nge 8 und 9 und in der Theater-AG f\u00fcr Sch\u00fclerinnen und Sch\u00fcler ab dem Jahrgang 10. Die Theater-AG hat an unserer Schule eine lange Tradition mit beeindruckenden Auff\u00fchrungen wie dem &#8222;Sommernachtstraum&#8220; sowie [&hellip;]<\/p>\n","protected":false},"author":2,"featured_media":0,"parent":466,"menu_order":2,"comment_status":"closed","ping_status":"closed","template":"","meta":{"footnotes":""},"class_list":["post-1185","page","type-page","status-publish","hentry"],"_links":{"self":[{"href":"https:\/\/www.gymnasium-uslar.de\/index.php?rest_route=\/wp\/v2\/pages\/1185","targetHints":{"allow":["GET"]}}],"collection":[{"href":"https:\/\/www.gymnasium-uslar.de\/index.php?rest_route=\/wp\/v2\/pages"}],"about":[{"href":"https:\/\/www.gymnasium-uslar.de\/index.php?rest_route=\/wp\/v2\/types\/page"}],"author":[{"embeddable":true,"href":"https:\/\/www.gymnasium-uslar.de\/index.php?rest_route=\/wp\/v2\/users\/2"}],"replies":[{"embeddable":true,"href":"https:\/\/www.gymnasium-uslar.de\/index.php?rest_route=%2Fwp%2Fv2%2Fcomments&post=1185"}],"version-history":[{"count":8,"href":"https:\/\/www.gymnasium-uslar.de\/index.php?rest_route=\/wp\/v2\/pages\/1185\/revisions"}],"predecessor-version":[{"id":5359,"href":"https:\/\/www.gymnasium-uslar.de\/index.php?rest_route=\/wp\/v2\/pages\/1185\/revisions\/5359"}],"up":[{"embeddable":true,"href":"https:\/\/www.gymnasium-uslar.de\/index.php?rest_route=\/wp\/v2\/pages\/466"}],"wp:attachment":[{"href":"https:\/\/www.gymnasium-uslar.de\/index.php?rest_route=%2Fwp%2Fv2%2Fmedia&parent=1185"}],"curies":[{"name":"wp","href":"https:\/\/api.w.org\/{rel}","templated":true}]}}