{"id":1199,"date":"2015-12-27T11:57:14","date_gmt":"2015-12-27T11:57:14","guid":{"rendered":"http:\/\/school.jakobreiter.de\/?page_id=999"},"modified":"2015-12-27T11:57:14","modified_gmt":"2015-12-27T11:57:14","slug":"grundlagen","status":"publish","type":"page","link":"https:\/\/www.gymnasium-uslar.de\/?page_id=1199","title":{"rendered":"Grundlagen unserer schulischen Arbeit"},"content":{"rendered":"<p>Was die Schulgemeinschaft des Gymnasiums Uslar verbindet, k\u00f6nnen Sie im Leitbild und in der Schulordnung nachlesen:<\/p>\n<ul>\n<li><a href=\"http:\/\/www.gymnasium-uslar.de\/wp-content\/uploads\/2015\/12\/Leitbild.pdf\">Leitbild<\/a><\/li>\n<li><a href=\"\/wp-content\/uploads\/2015\/12\/Ordnung-f\u00fcr-das-Zusammenleben-am-Gymnasium-Uslar.pdf\">Ordnung f\u00fcr das Zusammenleben am Gymnasium Uslar<\/a><\/li>\n<li><a href=\"\/wp-content\/uploads\/2015\/12\/Grunds\u00e4tze-des-Zusammenlebens-und-des-Zusammenarbeitens-am-Gymnasium-Uslar.pdf\">Grunds\u00e4tze des Zusammenlebens und des Zusammenarbeitens am Gymnasium Uslar<\/a><\/li>\n<\/ul>\n","protected":false},"excerpt":{"rendered":"<p>Was die Schulgemeinschaft des Gymnasiums Uslar verbindet, k\u00f6nnen Sie im Leitbild und in der Schulordnung nachlesen: Leitbild Ordnung f\u00fcr das Zusammenleben am Gymnasium Uslar Grunds\u00e4tze des Zusammenlebens und des Zusammenarbeitens am Gymnasium Uslar<\/p>\n","protected":false},"author":2,"featured_media":0,"parent":1163,"menu_order":6,"comment_status":"closed","ping_status":"closed","template":"","meta":{"footnotes":""},"class_list":["post-1199","page","type-page","status-publish","hentry"],"_links":{"self":[{"href":"https:\/\/www.gymnasium-uslar.de\/index.php?rest_route=\/wp\/v2\/pages\/1199","targetHints":{"allow":["GET"]}}],"collection":[{"href":"https:\/\/www.gymnasium-uslar.de\/index.php?rest_route=\/wp\/v2\/pages"}],"about":[{"href":"https:\/\/www.gymnasium-uslar.de\/index.php?rest_route=\/wp\/v2\/types\/page"}],"author":[{"embeddable":true,"href":"https:\/\/www.gymnasium-uslar.de\/index.php?rest_route=\/wp\/v2\/users\/2"}],"replies":[{"embeddable":true,"href":"https:\/\/www.gymnasium-uslar.de\/index.php?rest_route=%2Fwp%2Fv2%2Fcomments&post=1199"}],"version-history":[{"count":0,"href":"https:\/\/www.gymnasium-uslar.de\/index.php?rest_route=\/wp\/v2\/pages\/1199\/revisions"}],"up":[{"embeddable":true,"href":"https:\/\/www.gymnasium-uslar.de\/index.php?rest_route=\/wp\/v2\/pages\/1163"}],"wp:attachment":[{"href":"https:\/\/www.gymnasium-uslar.de\/index.php?rest_route=%2Fwp%2Fv2%2Fmedia&parent=1199"}],"curies":[{"name":"wp","href":"https:\/\/api.w.org\/{rel}","templated":true}]}}

<p>Was die Schulgemeinschaft des Gymnasiums Uslar verbindet, können Sie im Leitbild und in der Schulordnung nachlesen:</p>
<ul>
<li><a href="http://www.gymnasium-uslar.de/wp-content/uploads/2015/12/Leitbild.pdf">Leitbild</a></li>
<li><a href="/wp-content/uploads/2015/12/Ordnung-für-das-Zusammenleben-am-Gymnasium-Uslar.pdf">Ordnung für das Zusammenleben am Gymnasium Uslar</a></li>
<li><a href="/wp-content/uploads/2015/12/Grundsätze-des-Zusammenlebens-und-des-Zusammenarbeitens-am-Gymnasium-Uslar.pdf">Grundsätze des Zusammenlebens und des Zusammenarbeitens am Gymnasium Uslar</a></li>
</ul>

<p>Was die Schulgemeinschaft des Gymnasiums Uslar verbindet, können Sie im Leitbild und in der Schulordnung nachlesen: Leitbild Ordnung für das Zusammenleben am Gymnasium Uslar Grundsätze des Zusammenlebens und des Zusammenarbeitens am Gymnasium Uslar</p>
