{"id":1526,"date":"2016-01-30T13:45:01","date_gmt":"2016-01-30T13:45:01","guid":{"rendered":"\/?page_id=1526"},"modified":"2016-01-30T13:45:01","modified_gmt":"2016-01-30T13:45:01","slug":"schulvorstand","status":"publish","type":"page","link":"https:\/\/www.gymnasium-uslar.de\/?page_id=1526","title":{"rendered":"Schulvorstand"},"content":{"rendered":"<p>&nbsp;<\/p>\n<table>\n<tbody>\n<tr>\n<td rowspan=\"6\" width=\"307\"><em>Vertreter des Kollegiums<\/em><\/td>\n<td width=\"307\">Johannes Bergmann<\/td>\n<\/tr>\n<tr>\n<td width=\"307\">Ulrike Fiedler<\/td>\n<\/tr>\n<tr>\n<td width=\"307\">Marianne Schmidt-Foth<\/td>\n<\/tr>\n<tr>\n<td width=\"307\">Dr. Andr\u00e9 Selle<\/td>\n<\/tr>\n<tr>\n<td width=\"307\">Dr. Anselm Seven<\/td>\n<\/tr>\n<tr>\n<td width=\"307\">Dietmar Wagener<\/td>\n<\/tr>\n<tr>\n<td rowspan=\"3\" width=\"307\"><em>Elternvertreter<\/em><\/td>\n<td width=\"307\">Carina D\u00fcvel<\/td>\n<\/tr>\n<tr>\n<td width=\"307\">Ralf Gruber<\/td>\n<\/tr>\n<tr>\n<td width=\"307\">Heiko Hartung<\/td>\n<\/tr>\n<tr>\n<td rowspan=\"3\" width=\"307\"><em>Sch\u00fclervertreter<\/em><\/td>\n<td width=\"307\">Elisabeth Bergmann<\/td>\n<\/tr>\n<tr>\n<td width=\"307\">Jonas Krecan<\/td>\n<\/tr>\n<tr>\n<td width=\"307\">Elisa Ru\u00df<\/td>\n<\/tr>\n<\/tbody>\n<\/table>\n<p>&nbsp;<\/p>\n","protected":false},"excerpt":{"rendered":"<p>&nbsp; Vertreter des Kollegiums Johannes Bergmann Ulrike Fiedler Marianne Schmidt-Foth Dr. Andr\u00e9 Selle Dr. Anselm Seven Dietmar Wagener Elternvertreter Carina D\u00fcvel Ralf Gruber Heiko Hartung Sch\u00fclervertreter Elisabeth Bergmann Jonas Krecan Elisa Ru\u00df &nbsp;<\/p>\n","protected":false},"author":2,"featured_media":0,"parent":1520,"menu_order":3,"comment_status":"closed","ping_status":"closed","template":"","meta":{"footnotes":""},"class_list":["post-1526","page","type-page","status-publish","hentry"],"_links":{"self":[{"href":"https:\/\/www.gymnasium-uslar.de\/index.php?rest_route=\/wp\/v2\/pages\/1526","targetHints":{"allow":["GET"]}}],"collection":[{"href":"https:\/\/www.gymnasium-uslar.de\/index.php?rest_route=\/wp\/v2\/pages"}],"about":[{"href":"https:\/\/www.gymnasium-uslar.de\/index.php?rest_route=\/wp\/v2\/types\/page"}],"author":[{"embeddable":true,"href":"https:\/\/www.gymnasium-uslar.de\/index.php?rest_route=\/wp\/v2\/users\/2"}],"replies":[{"embeddable":true,"href":"https:\/\/www.gymnasium-uslar.de\/index.php?rest_route=%2Fwp%2Fv2%2Fcomments&post=1526"}],"version-history":[{"count":0,"href":"https:\/\/www.gymnasium-uslar.de\/index.php?rest_route=\/wp\/v2\/pages\/1526\/revisions"}],"up":[{"embeddable":true,"href":"https:\/\/www.gymnasium-uslar.de\/index.php?rest_route=\/wp\/v2\/pages\/1520"}],"wp:attachment":[{"href":"https:\/\/www.gymnasium-uslar.de\/index.php?rest_route=%2Fwp%2Fv2%2Fmedia&parent=1526"}],"curies":[{"name":"wp","href":"https:\/\/api.w.org\/{rel}","templated":true}]}}