{"id":1531,"date":"2016-01-30T13:54:09","date_gmt":"2016-01-30T13:54:09","guid":{"rendered":"\/?page_id=1531"},"modified":"2016-01-30T13:54:09","modified_gmt":"2016-01-30T13:54:09","slug":"deutsch","status":"publish","type":"page","link":"https:\/\/www.gymnasium-uslar.de\/?page_id=1531","title":{"rendered":"Deutsch"},"content":{"rendered":"<p><strong>Lesef\u00f6rderung am Gymnasium Uslar<\/strong><\/p>\n<p>Die Fachgruppe Deutsch w\u00fcnscht sich naturgem\u00e4\u00df begeisterte Leserinnen und Leser in unseren Klassen. Da die Realit\u00e4t im Zeitalter neuer Medien allerdings manchmal ganz anders aussieht, widmen wir uns am Gymnasium Uslar in vielf\u00e4ltiger Weise der Lesef\u00f6rderung. Ein besonderer Schwerpunkt liegt dabei auf den Jahrg\u00e4ngen 5 und 6. Hier bietet uns das Kerncurriculum besonders viele M\u00f6glichkeiten und Freiheiten, innerhalb des Unterrichts und dar\u00fcber hinaus individuelle Lesevorlieben aufzugreifen, zu f\u00f6rdern und in den Unterricht einzubinden, Projekte zu realisieren und an Wettbewerben teilzunehmen. Au\u00dferdem gibt es bei uns eine Reihe fest etablierter Veranstaltungen in diesem Bereich.<\/p>\n<p>Wir verf\u00fcgen \u00fcber eine st\u00e4ndig wachsende\u00a0<strong>Sch\u00fclerbibliothek<\/strong>, die von Herrn Linkmann betreut wird. Hier finden sich Sach- und Fachb\u00fccher ebenso wie alte und neue spannende Romane, Schm\u00f6ker und beliebte Reihen f\u00fcr alle Altersstufen, die unkompliziert ausgeliehen werden k\u00f6nnen. Da die B\u00fccherei in den Pausen ge\u00f6ffnet ist und auch \u00fcber gem\u00fctliche Sofas und Computerarbeitspl\u00e4tze verf\u00fcgt, ist unsere B\u00fccherei bei vielen unser Sch\u00fcler ein beliebter Ort.<\/p>\n<p>In der Unterstufe legen die meisten Klassen zudem im Deutschunterricht eine eigene <strong>Klassenb\u00fccherei<\/strong><strong>\u00a0<\/strong>ein. Dazu gibt es einen Grundstock an B\u00fcchern, die jeweils von Klasse zu Klasse weitergegeben wird, die Sch\u00fcler steuern selber Lieblingsb\u00fccher zum Ausleihen f\u00fcr alle bei, und h\u00e4ufig werden wir dabei auch von den Eltern oder dem \u00f6rtlichen Buchhandel unterst\u00fctzt.<\/p>\n<p>Au\u00dferdem steht in den Klassen 5 und 6 meist ein Besuch der\u00a0<strong>Stadtb\u00fccherei Uslar<\/strong>\u00a0an, wo es nicht nur eine spannende Ralley zu bew\u00e4ltigen gilt, sondern auch alle Fragen rund ums Buch und die Buchrecherche beantwortet werden. Viele unserer Sch\u00fcler entdecken bei so einem Besuch interessante B\u00fccher und lassen sich einen Ausweis ausstellen, um zu regelm\u00e4\u00dfigen Nutzern zu werden.<\/p>\n<p>Dort wie in der Schul- oder Klassenb\u00fccherei finden die Sch\u00fcler auch Anregungen f\u00fcr die Reihe der\u00a0<strong>Buchvorstellungen in Klasse 6<\/strong>, die unser schuleigener Arbeitsplan f\u00fcr diese Klassenstufe vorsieht. Jede Sch\u00fclerin und jeder Sch\u00fcler w\u00e4hlt ein Buch aus, das in einem freien Kurzvortrag der Klasse pr\u00e4sentiert wird. Manche Lehrer lassen dabei nur B\u00fccher deutschsprachiger Autorinnen und Autoren zu, andere regen einen kreativen Umgang mit den B\u00fcchern an, z.B. in Form von Lesekisten. Nach der Vorstellung gibt jeder der Vortragenden eine kurze Leseprobe. Es schlie\u00dft sich an diese Reihe n\u00e4mlich die Wahl eines Jungen und eines M\u00e4dchens an, die die Klasse beim j\u00e4hrlich im Dezember ausgetragenen\u00a0<strong>Vorlesewettbewerb<\/strong>\u00a0vertreten, der von Frau Schmidt-Foth organisiert wird.<\/p>\n<p>Jedes Jahr im November\u00a0nimmt die Schule\u00a0am\u00a0<strong>Bundesweiten Vorlesetag<\/strong>\u00a0teil. An diesem Tag, der immer auf den\u00a0Freitag f\u00e4llt,\u00a0bekommt jede Klasse Besuch von Mitsch\u00fclern anderer Klassen, Lehrern, Eltern und weiteren externen Lesern, die eine Stunde lang aus B\u00fcchern vorlesen, die ihnen gefallen, die sie ber\u00fchren oder die f\u00fcr sie in irgendeiner Weise bedeutsam sind.<\/p>\n<p>Meist kurz vor Ostern findet der\u00a0<strong>Tag des Buches<\/strong>\u00a0statt, der von Frau Schmidt-Foth organisiert wird und bei dem wir vom Uslarer Kunst- und Literaturkreis, der Schule und der Buchhandlung Henze unterst\u00fctzt werden. Hier werden vier bis f\u00fcnf Autorinnen und Autoren eingeladen, die aus ihren B\u00fcchern lesen und von ihrem Leben als Schriftsteller berichten. Au\u00dferdem gibt es weitere Aktionen rund um das Thema Buch, z.B. einen\u00a0<strong>B\u00fccherflohmarkt<\/strong>, auf dem die Sch\u00fcler ihre B\u00fccher verkaufen und neue erstehen k\u00f6nnen. Und nat\u00fcrlich gibt es auch einen\u00a0<strong>B\u00fcchertisch <\/strong>des Buchhandels.<\/p>\n<p>&nbsp;<\/p>\n","protected":false},"excerpt":{"rendered":"<p>Lesef\u00f6rderung am Gymnasium Uslar Die Fachgruppe Deutsch w\u00fcnscht sich naturgem\u00e4\u00df begeisterte Leserinnen und Leser in unseren Klassen. Da die Realit\u00e4t im Zeitalter neuer Medien allerdings manchmal ganz anders aussieht, widmen wir uns am Gymnasium Uslar in vielf\u00e4ltiger Weise der Lesef\u00f6rderung. Ein besonderer Schwerpunkt liegt dabei auf den Jahrg\u00e4ngen 5 und 6. Hier bietet uns das [&hellip;]<\/p>\n","protected":false},"author":2,"featured_media":0,"parent":1177,"menu_order":1,"comment_status":"closed","ping_status":"closed","template":"","meta":{"footnotes":""},"class_list":["post-1531","page","type-page","status-publish","hentry"],"_links":{"self":[{"href":"https:\/\/www.gymnasium-uslar.de\/index.php?rest_route=\/wp\/v2\/pages\/1531","targetHints":{"allow":["GET"]}}],"collection":[{"href":"https:\/\/www.gymnasium-uslar.de\/index.php?rest_route=\/wp\/v2\/pages"}],"about":[{"href":"https:\/\/www.gymnasium-uslar.de\/index.php?rest_route=\/wp\/v2\/types\/page"}],"author":[{"embeddable":true,"href":"https:\/\/www.gymnasium-uslar.de\/index.php?rest_route=\/wp\/v2\/users\/2"}],"replies":[{"embeddable":true,"href":"https:\/\/www.gymnasium-uslar.de\/index.php?rest_route=%2Fwp%2Fv2%2Fcomments&post=1531"}],"version-history":[{"count":0,"href":"https:\/\/www.gymnasium-uslar.de\/index.php?rest_route=\/wp\/v2\/pages\/1531\/revisions"}],"up":[{"embeddable":true,"href":"https:\/\/www.gymnasium-uslar.de\/index.php?rest_route=\/wp\/v2\/pages\/1177"}],"wp:attachment":[{"href":"https:\/\/www.gymnasium-uslar.de\/index.php?rest_route=%2Fwp%2Fv2%2Fmedia&parent=1531"}],"curies":[{"name":"wp","href":"https:\/\/api.w.org\/{rel}","templated":true}]}}

<p><strong>Leseförderung am Gymnasium Uslar</strong></p>
<p>Die Fachgruppe Deutsch wünscht sich naturgemäß begeisterte Leserinnen und Leser in unseren Klassen. Da die Realität im Zeitalter neuer Medien allerdings manchmal ganz anders aussieht, widmen wir uns am Gymnasium Uslar in vielfältiger Weise der Leseförderung. Ein besonderer Schwerpunkt liegt dabei auf den Jahrgängen 5 und 6. Hier bietet uns das Kerncurriculum besonders viele Möglichkeiten und Freiheiten, innerhalb des Unterrichts und darüber hinaus individuelle Lesevorlieben aufzugreifen, zu fördern und in den Unterricht einzubinden, Projekte zu realisieren und an Wettbewerben teilzunehmen. Außerdem gibt es bei uns eine Reihe fest etablierter Veranstaltungen in diesem Bereich.</p>
<p>Wir verfügen über eine ständig wachsende <strong>Schülerbibliothek</strong>, die von Herrn Linkmann betreut wird. Hier finden sich Sach- und Fachbücher ebenso wie alte und neue spannende Romane, Schmöker und beliebte Reihen für alle Altersstufen, die unkompliziert ausgeliehen werden können. Da die Bücherei in den Pausen geöffnet ist und auch über gemütliche Sofas und Computerarbeitsplätze verfügt, ist unsere Bücherei bei vielen unser Schüler ein beliebter Ort.</p>
<p>In der Unterstufe legen die meisten Klassen zudem im Deutschunterricht eine eigene <strong>Klassenbücherei</strong><strong> </strong>ein. Dazu gibt es einen Grundstock an Büchern, die jeweils von Klasse zu Klasse weitergegeben wird, die Schüler steuern selber Lieblingsbücher zum Ausleihen für alle bei, und häufig werden wir dabei auch von den Eltern oder dem örtlichen Buchhandel unterstützt.</p>
<p>Außerdem steht in den Klassen 5 und 6 meist ein Besuch der <strong>Stadtbücherei Uslar</strong> an, wo es nicht nur eine spannende Ralley zu bewältigen gilt, sondern auch alle Fragen rund ums Buch und die Buchrecherche beantwortet werden. Viele unserer Schüler entdecken bei so einem Besuch interessante Bücher und lassen sich einen Ausweis ausstellen, um zu regelmäßigen Nutzern zu werden.</p>
<p>Dort wie in der Schul- oder Klassenbücherei finden die Schüler auch Anregungen für die Reihe der <strong>Buchvorstellungen in Klasse 6</strong>, die unser schuleigener Arbeitsplan für diese Klassenstufe vorsieht. Jede Schülerin und jeder Schüler wählt ein Buch aus, das in einem freien Kurzvortrag der Klasse präsentiert wird. Manche Lehrer lassen dabei nur Bücher deutschsprachiger Autorinnen und Autoren zu, andere regen einen kreativen Umgang mit den Büchern an, z.B. in Form von Lesekisten. Nach der Vorstellung gibt jeder der Vortragenden eine kurze Leseprobe. Es schließt sich an diese Reihe nämlich die Wahl eines Jungen und eines Mädchens an, die die Klasse beim jährlich im Dezember ausgetragenen <strong>Vorlesewettbewerb</strong> vertreten, der von Frau Schmidt-Foth organisiert wird.</p>
<p>Jedes Jahr im November nimmt die Schule am <strong>Bundesweiten Vorlesetag</strong> teil. An diesem Tag, der immer auf den Freitag fällt, bekommt jede Klasse Besuch von Mitschülern anderer Klassen, Lehrern, Eltern und weiteren externen Lesern, die eine Stunde lang aus Büchern vorlesen, die ihnen gefallen, die sie berühren oder die für sie in irgendeiner Weise bedeutsam sind.</p>
<p>Meist kurz vor Ostern findet der <strong>Tag des Buches</strong> statt, der von Frau Schmidt-Foth organisiert wird und bei dem wir vom Uslarer Kunst- und Literaturkreis, der Schule und der Buchhandlung Henze unterstützt werden. Hier werden vier bis fünf Autorinnen und Autoren eingeladen, die aus ihren Büchern lesen und von ihrem Leben als Schriftsteller berichten. Außerdem gibt es weitere Aktionen rund um das Thema Buch, z.B. einen <strong>Bücherflohmarkt</strong>, auf dem die Schüler ihre Bücher verkaufen und neue erstehen können. Und natürlich gibt es auch einen <strong>Büchertisch </strong>des Buchhandels.</p>
<p>&nbsp;</p>

<p>Leseförderung am Gymnasium Uslar Die Fachgruppe Deutsch wünscht sich naturgemäß begeisterte Leserinnen und Leser in unseren Klassen. Da die Realität im Zeitalter neuer Medien allerdings manchmal ganz anders aussieht, widmen wir uns am Gymnasium Uslar in vielfältiger Weise der Leseförderung. Ein besonderer Schwerpunkt liegt dabei auf den Jahrgängen 5 und 6. Hier bietet uns das [&hellip;]</p>
