{"id":2880,"date":"2018-01-29T17:53:50","date_gmt":"2018-01-29T17:53:50","guid":{"rendered":"\/?page_id=2880"},"modified":"2018-01-29T17:53:50","modified_gmt":"2018-01-29T17:53:50","slug":"biologie-2","status":"publish","type":"page","link":"https:\/\/www.gymnasium-uslar.de\/?page_id=2880","title":{"rendered":"Sch\u00fclerbef\u00f6rderung"},"content":{"rendered":"<p>Der Landkreis Northeim hat einen Ablaufplan f\u00fcr die F\u00e4lle erstellt, in denen die Sch\u00fclerbef\u00f6rderung gest\u00f6rt ist. Bei allgemeinen Fragen zur Sch\u00fclerbef\u00f6rderung gibt Frau Schmidt-Foth Auskunft.<\/p>\n<p><a href=\"\/wp-content\/uploads\/2018\/01\/Ablaufplan-bei-St\u00f6rungen-in-der-Sch\u00fclerbef\u00f6rderung.pdf\">Ablaufplan bei St\u00f6rungen in der Sch\u00fclerbef\u00f6rderung<\/a><\/p>\n<p>&nbsp;<\/p>\n","protected":false},"excerpt":{"rendered":"<p>Der Landkreis Northeim hat einen Ablaufplan f\u00fcr die F\u00e4lle erstellt, in denen die Sch\u00fclerbef\u00f6rderung gest\u00f6rt ist. Bei allgemeinen Fragen zur Sch\u00fclerbef\u00f6rderung gibt Frau Schmidt-Foth Auskunft. Ablaufplan bei St\u00f6rungen in der Sch\u00fclerbef\u00f6rderung &nbsp;<\/p>\n","protected":false},"author":2,"featured_media":0,"parent":0,"menu_order":0,"comment_status":"closed","ping_status":"closed","template":"","meta":{"footnotes":""},"class_list":["post-2880","page","type-page","status-publish","hentry"],"_links":{"self":[{"href":"https:\/\/www.gymnasium-uslar.de\/index.php?rest_route=\/wp\/v2\/pages\/2880","targetHints":{"allow":["GET"]}}],"collection":[{"href":"https:\/\/www.gymnasium-uslar.de\/index.php?rest_route=\/wp\/v2\/pages"}],"about":[{"href":"https:\/\/www.gymnasium-uslar.de\/index.php?rest_route=\/wp\/v2\/types\/page"}],"author":[{"embeddable":true,"href":"https:\/\/www.gymnasium-uslar.de\/index.php?rest_route=\/wp\/v2\/users\/2"}],"replies":[{"embeddable":true,"href":"https:\/\/www.gymnasium-uslar.de\/index.php?rest_route=%2Fwp%2Fv2%2Fcomments&post=2880"}],"version-history":[{"count":0,"href":"https:\/\/www.gymnasium-uslar.de\/index.php?rest_route=\/wp\/v2\/pages\/2880\/revisions"}],"wp:attachment":[{"href":"https:\/\/www.gymnasium-uslar.de\/index.php?rest_route=%2Fwp%2Fv2%2Fmedia&parent=2880"}],"curies":[{"name":"wp","href":"https:\/\/api.w.org\/{rel}","templated":true}]}}