{"id":49,"date":"2015-11-08T22:11:28","date_gmt":"2015-11-08T22:11:28","guid":{"rendered":"http:\/\/school.jakobreiter.de\/?page_id=49"},"modified":"2026-02-18T20:43:54","modified_gmt":"2026-02-18T19:43:54","slug":"kollegium","status":"publish","type":"page","link":"https:\/\/www.gymnasium-uslar.de\/?page_id=49","title":{"rendered":"Kollegium"},"content":{"rendered":"\n<figure class=\"wp-block-table\"><table class=\"has-fixed-layout\"><tbody><tr><td>Pavel Aramayo<\/td><td>Politik, Sport<\/td><\/tr><tr><td>Christian Baur<\/td><td>Deutsch, Englisch<\/td><\/tr><tr><td>Ansgar Behnen<\/td><td>Franz\u00f6sisch, Geschichte<\/td><\/tr><tr><td>Johannes Bergmann<\/td><td>Englisch, Evang. Religion<\/td><\/tr><tr><td>Mathias Brumund<\/td><td>Englisch, Franz\u00f6sisch<\/td><\/tr><tr><td>Diana Cal\u00f2<\/td><td>Franz\u00f6sisch, Spanisch<\/td><\/tr><tr><td>Chantal Campe<\/td><td>Erdkunde, Sport<\/td><\/tr><tr><td>Wiebke Carl <\/td><td>Deutsch, Evang. Religion<\/td><\/tr><tr><td>Anna-Josephine Dannenberg<\/td><td>Biologie, Chemie<\/td><\/tr><tr><td>Katrin Fenz<\/td><td>Geschichte, Latein, WN<\/td><\/tr><tr><td>Stefanie Gall<\/td><td>Deutsch, Franz\u00f6sisch, Darst. Spiel<\/td><\/tr><tr><td>Sebastian Gerke<\/td><td>Chemie, Mathematik<\/td><\/tr><tr><td>Dr. Jutta G\u00fcnther<\/td><td>Geschichte, Musik<\/td><\/tr><tr><td>Elena Haag<\/td><td>evang. Religion, Mathematik<\/td><\/tr><tr><td>Johannes Heil<\/td><td>Biologie, Erdkunde<\/td><\/tr><tr><td>Vincent Herzmann<\/td><td>Mathematik, Physik <\/td><\/tr><tr><td>Tanja Hesprich<\/td><td>Geschichte, Musik<\/td><\/tr><tr><td>Dr. Kerstin K\u00e4hling<\/td><td>Deutsch, Kunst<\/td><\/tr><tr><td>Klaus Kairat<\/td><td>Geschichte, Musik<\/td><\/tr><tr><td>Julia Kanngie\u00dfer<\/td><td>Englisch, Sport<\/td><\/tr><tr><td>Mira Kretzschmar-Hartmann<\/td><td>Mathematik, Politik<\/td><\/tr><tr><td>Carina L\u00fcdecke<\/td><td>Deutsch, Geschichte<\/td><\/tr><tr><td>Olaf M\u00fcller<\/td><td>Chemie, Mathematik<\/td><\/tr><tr><td>Peter Reiter<\/td><td>Geschichte, Musik, Politik<\/td><\/tr><tr><td>Heike Rozek<\/td><td>Evang. Religion, Latein<\/td><\/tr><tr><td>Marianne Schmidt-Foth<\/td><td>Deutsch, Englisch<\/td><\/tr><tr><td>Juliane Schnapperelle<\/td><td>Evang. Religion, Geschichte, Latein<\/td><\/tr><tr><td>Felix Schubert<\/td><td>Erdkunde, Sport<\/td><\/tr><tr><td>Elke Schulten<\/td><td>Deutsch, Kunst<\/td><\/tr><tr><td>Susanne Schwarz<\/td><td>Englisch, Politik<\/td><\/tr><tr><td>Isabel Seeger<\/td><td>Biologie, Deutsch<\/td><\/tr><tr><td>Dr. Anselm Seven<\/td><td>Englisch, Sport<\/td><\/tr><tr><td>Dr. Andr\u00e9 Selle<\/td><td>Mathematik, Physik<\/td><\/tr><tr><td>Hendrik Sitte<\/td><td>Biologie, Deutsch<\/td><\/tr><tr><td>Dr. Uta Skamel<\/td><td>Biologie, Deutsch, Darst. Spiel<\/td><\/tr><tr><td>Nicola Sperling<\/td><td>Chemie, Mathematik<\/td><\/tr><tr><td>Alexandra Split<\/td><td>Deutsch, Kunst<\/td><\/tr><tr><td>Dr. Christoph Steinbach<\/td><td>Mathematik, Physik<\/td><\/tr><tr><td>Annette Steiner-L\u00f6nneker<\/td><td>Evang. Religion, Geschichte<\/td><\/tr><tr><td>Katharina Thiemann<\/td><td>Deutsch, Erdkunde<\/td><\/tr><tr><td>Jil-Marie Thie\u00dfen-Wei\u00dfke *<\/td><td>Deutsch, Sport<\/td><\/tr><tr><td>Dietmar Wagener<\/td><td>Erdkunde, Geschichte<\/td><\/tr><tr><td colspan=\"2\"><em>* z. Zt. nicht im Unterricht<\/em><\/td><\/tr><tr><td>Referendarinnen und Referendare<\/td><td>&nbsp;<\/td><\/tr><tr><td>Hanna Czerlinski<\/td><td>Mathematik, Sport<\/td><\/tr><tr><td>Anna-Sophia Gutsche<\/td><td>Englisch, Franz\u00f6sisch<\/td><\/tr><tr><td>Lisa Hennigs<\/td><td>Geschichte, evang. Religion<\/td><\/tr><tr><td>Kevin Herrmann<\/td><td>Geschichte, Latein<\/td><\/tr><tr><td>Justus Sch\u00fcnemann<\/td><td>Biologie, Chemie<\/td><\/tr><\/tbody><\/table><\/figure>\n\n\n\n<p><\/p>\n","protected":false},"excerpt":{"rendered":"<p>Pavel Aramayo Politik, Sport Christian Baur Deutsch, Englisch Ansgar Behnen Franz\u00f6sisch, Geschichte Johannes Bergmann Englisch, Evang. Religion Mathias Brumund Englisch, Franz\u00f6sisch Diana Cal\u00f2 Franz\u00f6sisch, Spanisch Chantal Campe Erdkunde, Sport Wiebke Carl Deutsch, Evang. Religion Anna-Josephine Dannenberg Biologie, Chemie Katrin Fenz Geschichte, Latein, WN Stefanie Gall Deutsch, Franz\u00f6sisch, Darst. Spiel Sebastian Gerke Chemie, Mathematik Dr. Jutta [&hellip;]<\/p>\n","protected":false},"author":2,"featured_media":0,"parent":1163,"menu_order":2,"comment_status":"closed","ping_status":"closed","template":"","meta":{"footnotes":""},"class_list":["post-49","page","type-page","status-publish","hentry"],"_links":{"self":[{"href":"https:\/\/www.gymnasium-uslar.de\/index.php?rest_route=\/wp\/v2\/pages\/49","targetHints":{"allow":["GET"]}}],"collection":[{"href":"https:\/\/www.gymnasium-uslar.de\/index.php?rest_route=\/wp\/v2\/pages"}],"about":[{"href":"https:\/\/www.gymnasium-uslar.de\/index.php?rest_route=\/wp\/v2\/types\/page"}],"author":[{"embeddable":true,"href":"https:\/\/www.gymnasium-uslar.de\/index.php?rest_route=\/wp\/v2\/users\/2"}],"replies":[{"embeddable":true,"href":"https:\/\/www.gymnasium-uslar.de\/index.php?rest_route=%2Fwp%2Fv2%2Fcomments&post=49"}],"version-history":[{"count":13,"href":"https:\/\/www.gymnasium-uslar.de\/index.php?rest_route=\/wp\/v2\/pages\/49\/revisions"}],"predecessor-version":[{"id":5478,"href":"https:\/\/www.gymnasium-uslar.de\/index.php?rest_route=\/wp\/v2\/pages\/49\/revisions\/5478"}],"up":[{"embeddable":true,"href":"https:\/\/www.gymnasium-uslar.de\/index.php?rest_route=\/wp\/v2\/pages\/1163"}],"wp:attachment":[{"href":"https:\/\/www.gymnasium-uslar.de\/index.php?rest_route=%2Fwp%2Fv2%2Fmedia&parent=49"}],"curies":[{"name":"wp","href":"https:\/\/api.w.org\/{rel}","templated":true}]}}