{"id":81,"date":"2015-11-09T09:23:24","date_gmt":"2015-11-09T09:23:24","guid":{"rendered":"http:\/\/school.jakobreiter.de\/?page_id=81"},"modified":"2025-06-08T12:05:00","modified_gmt":"2025-06-08T10:05:00","slug":"musik-theater","status":"publish","type":"page","link":"https:\/\/www.gymnasium-uslar.de\/?page_id=81","title":{"rendered":"Musik"},"content":{"rendered":"\n<p>Musik spielt am Gymnasium Uslar eine wichtige Rolle. Bei den <strong>Musikabenden<\/strong> treten Solisten und kleinere Ensembles mit abwechslungsreichen Programmen auf. Im <strong>Wahlpflichtbereich <\/strong>sind viele unterschiedliche Instrumental- und Vokalgruppen aktiv. Sch\u00fcler und Lehrer kommen regelm\u00e4\u00dfig zusammen, um gr\u00f6\u00dfere Projekte wie <strong>Musicals<\/strong> zu realisieren oder als <strong>Orchester<\/strong> bei schulischen Veranstaltungen aufzutreten.<\/p>\n\n\n\n<blockquote class=\"wp-block-quote is-layout-flow wp-block-quote-is-layout-flow\">\n<p><span style=\"color: #000080;\">Auskunft zu Musikprojekten und Ensembles geben Fr. Hesprich und Hr. Kairat.<\/span><\/p>\n<\/blockquote>\n\n\n\n<figure class=\"wp-block-image size-full\"><img loading=\"lazy\" decoding=\"async\" width=\"1024\" height=\"768\" src=\"https:\/\/www.gymnasium-uslar.de\/wp-content\/uploads\/2025\/03\/DAA92F29-F15B-42C1-AC56-BFB2553A35ED_1_105_c.jpeg\" alt=\"\" class=\"wp-image-5298\" srcset=\"https:\/\/www.gymnasium-uslar.de\/wp-content\/uploads\/2025\/03\/DAA92F29-F15B-42C1-AC56-BFB2553A35ED_1_105_c.jpeg 1024w, https:\/\/www.gymnasium-uslar.de\/wp-content\/uploads\/2025\/03\/DAA92F29-F15B-42C1-AC56-BFB2553A35ED_1_105_c-300x225.jpeg 300w, https:\/\/www.gymnasium-uslar.de\/wp-content\/uploads\/2025\/03\/DAA92F29-F15B-42C1-AC56-BFB2553A35ED_1_105_c-768x576.jpeg 768w\" sizes=\"auto, (max-width: 1024px) 100vw, 1024px\" \/><\/figure>\n\n\n\n<p>&nbsp;<\/p>\n\n\n\n<figure class=\"wp-block-image size-full\"><img loading=\"lazy\" decoding=\"async\" width=\"1024\" height=\"768\" src=\"https:\/\/www.gymnasium-uslar.de\/wp-content\/uploads\/2025\/03\/997B8BA6-4DD2-4D14-9B5A-C4428E77236E_1_105_c.jpeg\" alt=\"\" class=\"wp-image-5295\" srcset=\"https:\/\/www.gymnasium-uslar.de\/wp-content\/uploads\/2025\/03\/997B8BA6-4DD2-4D14-9B5A-C4428E77236E_1_105_c.jpeg 1024w, https:\/\/www.gymnasium-uslar.de\/wp-content\/uploads\/2025\/03\/997B8BA6-4DD2-4D14-9B5A-C4428E77236E_1_105_c-300x225.jpeg 300w, https:\/\/www.gymnasium-uslar.de\/wp-content\/uploads\/2025\/03\/997B8BA6-4DD2-4D14-9B5A-C4428E77236E_1_105_c-768x576.jpeg 768w\" sizes=\"auto, (max-width: 1024px) 100vw, 1024px\" \/><\/figure>\n\n\n\n<p>&nbsp;<\/p>\n\n\n\n<figure class=\"wp-block-image size-full\"><img loading=\"lazy\" decoding=\"async\" width=\"1024\" height=\"768\" src=\"https:\/\/www.gymnasium-uslar.de\/wp-content\/uploads\/2025\/03\/5EC51910-A8B8-48D7-9B85-0E444F24D998_1_105_c.jpeg\" alt=\"\" class=\"wp-image-5294\" srcset=\"https:\/\/www.gymnasium-uslar.de\/wp-content\/uploads\/2025\/03\/5EC51910-A8B8-48D7-9B85-0E444F24D998_1_105_c.jpeg 1024w, https:\/\/www.gymnasium-uslar.de\/wp-content\/uploads\/2025\/03\/5EC51910-A8B8-48D7-9B85-0E444F24D998_1_105_c-300x225.jpeg 300w, https:\/\/www.gymnasium-uslar.de\/wp-content\/uploads\/2025\/03\/5EC51910-A8B8-48D7-9B85-0E444F24D998_1_105_c-768x576.jpeg 768w\" sizes=\"auto, (max-width: 1024px) 100vw, 1024px\" \/><\/figure>\n\n\n\n<p>&nbsp;<\/p>\n\n\n\n<p>&nbsp;<\/p>\n\n\n\n<p>&nbsp;<\/p>\n\n\n\n<p>&nbsp;<\/p>\n\n\n\n<p>&nbsp;<\/p>\n\n\n\n<p><\/p>\n\n\n\n<p>&nbsp;<\/p>\n\n\n\n<p>&nbsp;<\/p>\n\n\n\n<p>&nbsp;<\/p>\n\n\n\n<p>&nbsp;<\/p>\n\n\n\n<p>&nbsp;<\/p>\n\n\n\n<p>&nbsp;<\/p>\n\n\n\n<p>&nbsp;<\/p>\n\n\n\n<p>&nbsp;<\/p>\n\n\n\n<p>&nbsp;<\/p>\n\n\n\n<p><em>&nbsp;<\/em><\/p>\n\n\n\n<p>&nbsp;<\/p>\n","protected":false},"excerpt":{"rendered":"<p>Musik spielt am Gymnasium Uslar eine wichtige Rolle. Bei den Musikabenden treten Solisten und kleinere Ensembles mit abwechslungsreichen Programmen auf. Im Wahlpflichtbereich sind viele unterschiedliche Instrumental- und Vokalgruppen aktiv. Sch\u00fcler und Lehrer kommen regelm\u00e4\u00dfig zusammen, um gr\u00f6\u00dfere Projekte wie Musicals zu realisieren oder als Orchester bei schulischen Veranstaltungen aufzutreten. Auskunft zu Musikprojekten und Ensembles geben [&hellip;]<\/p>\n","protected":false},"author":2,"featured_media":0,"parent":466,"menu_order":1,"comment_status":"closed","ping_status":"closed","template":"","meta":{"footnotes":""},"class_list":["post-81","page","type-page","status-publish","hentry"],"_links":{"self":[{"href":"https:\/\/www.gymnasium-uslar.de\/index.php?rest_route=\/wp\/v2\/pages\/81","targetHints":{"allow":["GET"]}}],"collection":[{"href":"https:\/\/www.gymnasium-uslar.de\/index.php?rest_route=\/wp\/v2\/pages"}],"about":[{"href":"https:\/\/www.gymnasium-uslar.de\/index.php?rest_route=\/wp\/v2\/types\/page"}],"author":[{"embeddable":true,"href":"https:\/\/www.gymnasium-uslar.de\/index.php?rest_route=\/wp\/v2\/users\/2"}],"replies":[{"embeddable":true,"href":"https:\/\/www.gymnasium-uslar.de\/index.php?rest_route=%2Fwp%2Fv2%2Fcomments&post=81"}],"version-history":[{"count":2,"href":"https:\/\/www.gymnasium-uslar.de\/index.php?rest_route=\/wp\/v2\/pages\/81\/revisions"}],"predecessor-version":[{"id":5358,"href":"https:\/\/www.gymnasium-uslar.de\/index.php?rest_route=\/wp\/v2\/pages\/81\/revisions\/5358"}],"up":[{"embeddable":true,"href":"https:\/\/www.gymnasium-uslar.de\/index.php?rest_route=\/wp\/v2\/pages\/466"}],"wp:attachment":[{"href":"https:\/\/www.gymnasium-uslar.de\/index.php?rest_route=%2Fwp%2Fv2%2Fmedia&parent=81"}],"curies":[{"name":"wp","href":"https:\/\/api.w.org\/{rel}","templated":true}]}}